{"id":836,"date":"2013-08-18T17:15:14","date_gmt":"2013-08-18T16:15:14","guid":{"rendered":"http:\/\/wp.bapp.info\/?page_id=836"},"modified":"2025-04-26T11:37:09","modified_gmt":"2025-04-26T09:37:09","slug":"positionspapiere","status":"publish","type":"page","link":"https:\/\/www.bapp.info\/?page_id=836","title":{"rendered":"BAPP-Papiere"},"content":{"rendered":"<p>Ein Teil unserer Publikationen ist auch auf <strong><a href=\"http:\/\/epaper.psychiatrische-pflege.net\" target=\"_blank\" rel=\"noopener noreferrer\">http:\/\/epaper.psychiatrische-pflege.net<\/a><\/strong> zu finden.<\/p>\n<hr \/>\n<p style=\"text-align: justify;\" align=\"center\">Die nachfolgenden Texte unterliegen dem Urheberrecht \u00a9 der BAPP und d\u00fcrfen nicht ver\u00e4ndert werden. Eine unver\u00e4nderte Weitergabe bzw. Verwendung, mit Hinweis auf die BAPP ist zul\u00e4ssig. In diesem Fall erwarten wir eine Information \u00fcber die Art der Verwendung.<\/p>\n<div>\n<p><img decoding=\"async\" src=\"\/\/www.bapp.info\/grafik\/pdf.gif\" alt=\"\" border=\"0\" \/> <a href=\"\/\/bapp.info\/texte\/SN_Rahmenempfehlungen-pHKP_2021-03-28.pdf\" target=\"_blank\" rel=\"noopener noreferrer\">Stellungnahme zu den Rahmenempfehlungen HKP v. 16.07.2020 (mit DFPP + DVGP)<\/a><\/p>\n<\/div>\n<div>\n<p><img decoding=\"async\" src=\"\/\/www.bapp.info\/grafik\/pdf.gif\" alt=\"\" border=\"0\" \/> <a href=\"\/\/bapp.info\/texte\/SN_Ablehnungspraxis-pHKP_2020-01.pdf\" target=\"_blank\" rel=\"noopener noreferrer\">Stellungnahme zur Ablehnungspraxis von pHKP<\/a><\/p>\n<\/div>\n<div>\n<p><img decoding=\"async\" src=\"\/\/www.bapp.info\/grafik\/pdf.gif\" alt=\"\" border=\"0\" \/> <a href=\"\/\/bapp.info\/texte\/Kritik_Anwendung-G-BA-RL_pHKP-2018.pdf\" target=\"_blank\" rel=\"noopener noreferrer\">Kritik an der Anwendung der neuen G-BA-Richtlinien<\/a><\/p>\n<\/div>\n<div>\n<p><img decoding=\"async\" src=\"\/\/www.bapp.info\/grafik\/pdf.gif\" alt=\"\" border=\"0\" \/> <a href=\"\/\/bapp.info\/texte\/SN_G-BA-RL_pHKP-2018.pdf\" target=\"_blank\" rel=\"noopener noreferrer\">Stellungnahme zur aktuellen \u00c4nderung der G-BA-Richtlinien psychiatrische h\u00e4usliche Krankenpflege<\/a><\/p>\n<\/div>\n<div>\n<p><img decoding=\"async\" src=\"\/\/www.bapp.info\/grafik\/pdf.gif\" alt=\"\" border=\"0\" \/> <a href=\"\/\/www.bapp.info\/texte\/Behandlungsplan-APP-kombiniert.pdf\" target=\"_blank\" rel=\"noopener noreferrer\">BAPP-Behandlungsplan kombiniert (2025)<\/a><\/p>\n<\/div>\n<div>\n<p><img decoding=\"async\" src=\"\/\/www.bapp.info\/grafik\/pdf.gif\" alt=\"\" border=\"0\" \/> <a href=\"\/\/www.bapp.info\/texte\/Behandlungsplan%20APP%202018%20mit%20GAF.pdf\" target=\"_blank\" rel=\"noopener noreferrer\">BAPP-Behandlungsplan 2018 zur Verordnung von APP (+ GAF)<\/a><\/p>\n<\/div>\n<div>\n<p><img decoding=\"async\" src=\"\/\/www.bapp.info\/grafik\/pdf.gif\" alt=\"\" border=\"0\" \/> <a href=\"\/\/www.bapp.info\/texte\/Behandlungsplan%20APP%202018%20begruendeter%20Einzelfall.pdf\" target=\"_blank\" rel=\"noopener noreferrer\">BAPP-Behandlungsplan 2018 zur Verordnung von APP im begr\u00fcndeten Einzelfall<\/a><\/p>\n<\/div>\n<div>\n<p><img decoding=\"async\" src=\"\/\/www.bapp.info\/grafik\/pdf.gif\" alt=\"\" border=\"0\" \/> <a href=\"\/\/www.bapp.info\/texte\/pflegekammer2.pdf\" target=\"_blank\" rel=\"noopener noreferrer\">Aktuelle Position zum Thema &#8220;Pflegekammer&#8221;<\/a><\/p>\n<\/div>\n<div>\n<p><img decoding=\"async\" src=\"\/\/www.bapp.info\/grafik\/pdf.gif\" alt=\"\" border=\"0\" \/> <a href=\"\/\/www.dfpp.de\/archiv\/dfpp\/Position%20DFPP-BAPP.pdf\" target=\"_blank\" rel=\"noopener noreferrer\">Gemeinsame Position DFPP\/BAPP zur Delegation<\/a><\/p>\n<\/div>\n<div>\n<p><img decoding=\"async\" src=\"\/\/www.bapp.info\/grafik\/pdf.gif\" alt=\"\" border=\"0\" \/> <a href=\"\/\/www.bapp.info\/texte\/SN1_IV-Nds-AOK-I3G.pdf\" target=\"_blank\" rel=\"noopener noreferrer\">Stellungnahme zum IV-Vertrag der AOK Niedersachsen f\u00fcr Menschen mit Schizophrenie<\/a><\/p>\n<\/div>\n<div>\n<p><img decoding=\"async\" src=\"\/\/www.bapp.info\/grafik\/pdf.gif\" alt=\"\" border=\"0\" \/> <a href=\"\/\/www.bapp.info\/texte\/SN-Leistungen%20bei%20erheblich%20eingeschraenkter%20Alltag.pdf\" target=\"_blank\" rel=\"noopener noreferrer\">Position zu Leistungen nach \u00a745 SGB XI bei erheblich eingeschr\u00e4nkter Alltagskompetenz<\/a><\/p>\n<\/div>\n<div>\n<p><img decoding=\"async\" src=\"\/\/www.bapp.info\/grafik\/pdf.gif\" alt=\"\" border=\"0\" \/> <a href=\"\/\/www.bapp.info\/texte\/pfl-komp.pdf\" target=\"_blank\" rel=\"noopener noreferrer\">&#8220;Die M\u00e4r vom mehr &#8230;&#8221;, Beitrag von Michael Theune<\/a><\/p>\n<\/div>\n<div>\n<p><img decoding=\"async\" src=\"\/\/www.bapp.info\/grafik\/pdf.gif\" alt=\"\" border=\"0\" \/> <a href=\"\/\/www.bapp.info\/texte\/SN-WPO.pdf\" target=\"_blank\" rel=\"noopener noreferrer\">Stellungnahme zur Weiterbildungs- und Pr\u00fcfungsverordnung<\/a><\/p>\n<\/div>\n<div>\n<p><img decoding=\"async\" src=\"\/\/www.bapp.info\/grafik\/pdf.gif\" alt=\"\" border=\"0\" \/> <a href=\"\/\/www.bapp.info\/texte\/SN-BriefSVKK.pdf\" target=\"_blank\" rel=\"noopener noreferrer\">Stellungnahme zum Schreiben der Spitzenverb\u00e4nde der Krankenkassen zur APP<\/a><\/p>\n<\/div>\n<div>\n<p><img decoding=\"async\" src=\"\/\/www.bapp.info\/grafik\/pdf.gif\" alt=\"\" border=\"0\" \/> <a href=\"\/\/www.bapp.info\/texte\/SN-FreiwRegistr.pdf\" target=\"_blank\" rel=\"noopener noreferrer\">Stellungnahme zur Freiwilligen Registrierung beruflich Pflegender<\/a><\/p>\n<\/div>\n<div>\n<p><img decoding=\"async\" src=\"\/\/www.bapp.info\/grafik\/pdf.gif\" alt=\"\" border=\"0\" \/> <a href=\"\/\/www.bapp.info\/texte\/brief.pdf\" target=\"_blank\" rel=\"noopener noreferrer\">Brief an Bundesministerium f\u00fcr Gesundheit &amp; Gemeinsamen Bundesausschuss<\/a><\/p>\n<\/div>\n<div>\n<p><img decoding=\"async\" src=\"\/\/www.bapp.info\/grafik\/pdf.gif\" alt=\"\" border=\"0\" \/> <a href=\"\/\/www.bapp.info\/texte\/fwb-pospap.pdf\" target=\"_blank\" rel=\"noopener noreferrer\">Anforderungen an Qualifizierungen in der APP<\/a><\/p>\n<\/div>\n<div>\n<p><img decoding=\"async\" src=\"\/\/www.bapp.info\/grafik\/pdf.gif\" alt=\"\" border=\"0\" \/> <a href=\"\/\/www.bapp.info\/texte\/Widerspruch-SGB_XI.pdf\" target=\"_blank\" rel=\"noopener noreferrer\">Hilfestellung bei Widerspr\u00fcchen SGB XI<\/a><\/p>\n<\/div>\n<div>\n<p><img decoding=\"async\" src=\"\/\/www.bapp.info\/grafik\/pdf.gif\" alt=\"\" border=\"0\" \/> <a href=\"\/\/www.bapp.info\/texte\/stellungn-hkp.pdf\" target=\"_blank\" rel=\"noopener noreferrer\">Stellungnahme zur Neuregelung der Richtlinien \u00fcber die Verordnung von `h\u00e4uslicher Krankenpflege\u00b4 nach \u00a7 92 SGB V<\/a><\/p>\n<\/div>\n<div>\n<p><img decoding=\"async\" src=\"\/\/www.bapp.info\/grafik\/pdf.gif\" alt=\"\" border=\"0\" \/> <a href=\"\/\/www.bapp.info\/texte\/BAPP-Empfehlung.pdf\" target=\"_blank\" rel=\"noopener noreferrer\">BAPP-Empfehlungen f\u00fcr Mindestanforderungen zur Ausf\u00fchrung von APP<\/a><\/p>\n<\/div>\n<div>\n<p><img decoding=\"async\" src=\"\/\/www.bapp.info\/grafik\/pdf.gif\" alt=\"\" border=\"0\" \/> <a href=\"\/\/www.bapp.info\/texte\/iv-bapp.pdf\" target=\"_blank\" rel=\"noopener noreferrer\">Stellungnahme zur Integrierten Versorgung<\/a><\/p>\n<\/div>\n<div>\n<p><img decoding=\"async\" src=\"\/\/www.bapp.info\/grafik\/pdf.gif\" alt=\"\" border=\"0\" \/> <a href=\"\/\/www.bapp.info\/texte\/soziotherapie.pdf\" target=\"_blank\" rel=\"noopener noreferrer\">Stellungnahme zur Soziotherapie<\/a><\/p>\n<\/div>\n<div>\n<p><img decoding=\"async\" src=\"\/\/www.bapp.info\/grafik\/pdf.gif\" alt=\"\" border=\"0\" \/> <a href=\"\/\/www.bapp.info\/texte\/psychpfl.pdf\" target=\"_blank\" rel=\"noopener noreferrer\">Was ist psychiatrische Pflege, was APP?<\/a><\/p>\n<\/div>\n<div>\n<p><img decoding=\"async\" src=\"\/\/www.bapp.info\/grafik\/pdf.gif\" alt=\"\" border=\"0\" \/> <a href=\"\/\/www.bapp.info\/texte\/taetigkeiten.pdf\" target=\"_blank\" rel=\"noopener noreferrer\">T\u00e4tigkeitskatalog &#8220;Ambulante psychiatrische Pflege&#8221;<\/a><\/p>\n<\/div>\n<div>\n<p><img decoding=\"async\" src=\"\/\/www.bapp.info\/grafik\/pdf.gif\" alt=\"\" border=\"0\" \/> <a href=\"\/\/www.bapp.info\/texte\/interview.pdf\" target=\"_blank\" rel=\"noopener noreferrer\">Interview &#8220;Die Reduktion auf das reine Schlucken von Medikamenten ist einfach unmenschlich&#8221;<\/a><\/p>\n<\/div>\n<div>\n<p><img decoding=\"async\" src=\"\/\/www.bapp.info\/grafik\/pdf.gif\" alt=\"\" border=\"0\" \/> <a href=\"\/\/www.bapp.info\/texte\/leitbild.pdf\" target=\"_blank\" rel=\"noopener noreferrer\">Das Leitbild der BAPP<\/a><\/p>\n<\/div>\n","protected":false},"excerpt":{"rendered":"<p>Ein Teil unserer Publikationen ist auch auf http:\/\/epaper.psychiatrische-pflege.net zu finden. Die nachfolgenden Texte unterliegen dem Urheberrecht \u00a9 der BAPP und d\u00fcrfen nicht ver\u00e4ndert werden. Eine unver\u00e4nderte Weitergabe bzw. Verwendung, mit Hinweis auf die BAPP ist zul\u00e4ssig. In diesem Fall erwarten wir eine Information \u00fcber die Art der Verwendung. Stellungnahme zu den Rahmenempfehlungen HKP v. 16.07.2020 [&hellip;]<\/p>\n","protected":false},"author":891,"featured_media":0,"parent":1076,"menu_order":0,"comment_status":"closed","ping_status":"closed","template":"","meta":{"ocean_post_layout":"","ocean_both_sidebars_style":"","ocean_both_sidebars_content_width":0,"ocean_both_sidebars_sidebars_width":0,"ocean_sidebar":"0","ocean_second_sidebar":"0","ocean_disable_margins":"enable","ocean_add_body_class":"","ocean_shortcode_before_top_bar":"","ocean_shortcode_after_top_bar":"","ocean_shortcode_before_header":"","ocean_shortcode_after_header":"","ocean_has_shortcode":"","ocean_shortcode_after_title":"","ocean_shortcode_before_footer_widgets":"","ocean_shortcode_after_footer_widgets":"","ocean_shortcode_before_footer_bottom":"","ocean_shortcode_after_footer_bottom":"","ocean_display_top_bar":"default","ocean_display_header":"default","ocean_header_style":"","ocean_center_header_left_menu":"0","ocean_custom_header_template":"0","ocean_custom_logo":0,"ocean_custom_retina_logo":0,"ocean_custom_logo_max_width":0,"ocean_custom_logo_tablet_max_width":0,"ocean_custom_logo_mobile_max_width":0,"ocean_custom_logo_max_height":0,"ocean_custom_logo_tablet_max_height":0,"ocean_custom_logo_mobile_max_height":0,"ocean_header_custom_menu":"0","ocean_menu_typo_font_family":"0","ocean_menu_typo_font_subset":"","ocean_menu_typo_font_size":0,"ocean_menu_typo_font_size_tablet":0,"ocean_menu_typo_font_size_mobile":0,"ocean_menu_typo_font_size_unit":"px","ocean_menu_typo_font_weight":"","ocean_menu_typo_font_weight_tablet":"","ocean_menu_typo_font_weight_mobile":"","ocean_menu_typo_transform":"","ocean_menu_typo_transform_tablet":"","ocean_menu_typo_transform_mobile":"","ocean_menu_typo_line_height":0,"ocean_menu_typo_line_height_tablet":0,"ocean_menu_typo_line_height_mobile":0,"ocean_menu_typo_line_height_unit":"","ocean_menu_typo_spacing":0,"ocean_menu_typo_spacing_tablet":0,"ocean_menu_typo_spacing_mobile":0,"ocean_menu_typo_spacing_unit":"","ocean_menu_link_color":"","ocean_menu_link_color_hover":"","ocean_menu_link_color_active":"","ocean_menu_link_background":"","ocean_menu_link_hover_background":"","ocean_menu_link_active_background":"","ocean_menu_social_links_bg":"","ocean_menu_social_hover_links_bg":"","ocean_menu_social_links_color":"","ocean_menu_social_hover_links_color":"","ocean_disable_title":"default","ocean_disable_heading":"default","ocean_post_title":"","ocean_post_subheading":"","ocean_post_title_style":"","ocean_post_title_background_color":"","ocean_post_title_background":0,"ocean_post_title_bg_image_position":"","ocean_post_title_bg_image_attachment":"","ocean_post_title_bg_image_repeat":"","ocean_post_title_bg_image_size":"","ocean_post_title_height":0,"ocean_post_title_bg_overlay":0.5,"ocean_post_title_bg_overlay_color":"","ocean_disable_breadcrumbs":"default","ocean_breadcrumbs_color":"","ocean_breadcrumbs_separator_color":"","ocean_breadcrumbs_links_color":"","ocean_breadcrumbs_links_hover_color":"","ocean_display_footer_widgets":"default","ocean_display_footer_bottom":"default","ocean_custom_footer_template":"0","footnotes":""},"class_list":["post-836","page","type-page","status-publish","hentry","entry"],"yoast_head":"<!-- This site is optimized with the Yoast SEO plugin v27.4 - https:\/\/yoast.com\/product\/yoast-seo-wordpress\/ -->\n<title>BAPP-Papiere | BAPP<\/title>\n<meta name=\"robots\" content=\"index, follow, max-snippet:-1, max-image-preview:large, max-video-preview:-1\" \/>\n<link rel=\"canonical\" href=\"https:\/\/www.bapp.info\/?page_id=836\" \/>\n<meta property=\"og:locale\" content=\"de_DE\" \/>\n<meta property=\"og:type\" content=\"article\" \/>\n<meta property=\"og:title\" content=\"BAPP-Papiere | BAPP\" \/>\n<meta property=\"og:description\" content=\"Ein Teil unserer Publikationen ist auch auf http:\/\/epaper.psychiatrische-pflege.net zu finden. Die nachfolgenden Texte unterliegen dem Urheberrecht \u00a9 der BAPP und d\u00fcrfen nicht ver\u00e4ndert werden. Eine unver\u00e4nderte Weitergabe bzw. Verwendung, mit Hinweis auf die BAPP ist zul\u00e4ssig. In diesem Fall erwarten wir eine Information \u00fcber die Art der Verwendung. Stellungnahme zu den Rahmenempfehlungen HKP v. 16.07.2020 [&hellip;]\" \/>\n<meta property=\"og:url\" content=\"https:\/\/www.bapp.info\/?page_id=836\" \/>\n<meta property=\"og:site_name\" content=\"BAPP\" \/>\n<meta property=\"article:publisher\" content=\"https:\/\/www.facebook.com\/BAPPev\/\" \/>\n<meta property=\"article:modified_time\" content=\"2025-04-26T09:37:09+00:00\" \/>\n<meta property=\"og:image\" content=\"https:\/\/www.bapp.info\/wp-content\/uploads\/2018\/11\/bapp2-schatten-www.png\" \/>\n\t<meta property=\"og:image:width\" content=\"1472\" \/>\n\t<meta property=\"og:image:height\" content=\"880\" \/>\n\t<meta property=\"og:image:type\" content=\"image\/png\" \/>\n<meta name=\"twitter:card\" content=\"summary_large_image\" \/>\n<meta name=\"twitter:site\" content=\"@BAPPev\" \/>\n<meta name=\"twitter:label1\" content=\"Gesch\u00e4tzte Lesezeit\" \/>\n\t<meta name=\"twitter:data1\" content=\"7\u00a0Minuten\" \/>\n<script type=\"application\/ld+json\" class=\"yoast-schema-graph\">{\"@context\":\"https:\\\/\\\/schema.org\",\"@graph\":[{\"@type\":\"WebPage\",\"@id\":\"https:\\\/\\\/www.bapp.info\\\/?page_id=836\",\"url\":\"https:\\\/\\\/www.bapp.info\\\/?page_id=836\",\"name\":\"BAPP-Papiere | BAPP\",\"isPartOf\":{\"@id\":\"https:\\\/\\\/www.bapp.info\\\/#website\"},\"datePublished\":\"2013-08-18T16:15:14+00:00\",\"dateModified\":\"2025-04-26T09:37:09+00:00\",\"breadcrumb\":{\"@id\":\"https:\\\/\\\/www.bapp.info\\\/?page_id=836#breadcrumb\"},\"inLanguage\":\"de\",\"potentialAction\":[{\"@type\":\"ReadAction\",\"target\":[\"https:\\\/\\\/www.bapp.info\\\/?page_id=836\"]}]},{\"@type\":\"BreadcrumbList\",\"@id\":\"https:\\\/\\\/www.bapp.info\\\/?page_id=836#breadcrumb\",\"itemListElement\":[{\"@type\":\"ListItem\",\"position\":1,\"name\":\"Startseite\",\"item\":\"https:\\\/\\\/www.bapp.info\\\/\"},{\"@type\":\"ListItem\",\"position\":2,\"name\":\"Downloads\",\"item\":\"https:\\\/\\\/www.bapp.info\\\/?page_id=1076\"},{\"@type\":\"ListItem\",\"position\":3,\"name\":\"BAPP-Papiere\"}]},{\"@type\":\"WebSite\",\"@id\":\"https:\\\/\\\/www.bapp.info\\\/#website\",\"url\":\"https:\\\/\\\/www.bapp.info\\\/\",\"name\":\"BAPP\",\"description\":\"Bundesinitiative Ambulante Psychiatrische Pflege\",\"publisher\":{\"@id\":\"https:\\\/\\\/www.bapp.info\\\/#organization\"},\"potentialAction\":[{\"@type\":\"SearchAction\",\"target\":{\"@type\":\"EntryPoint\",\"urlTemplate\":\"https:\\\/\\\/www.bapp.info\\\/?s={search_term_string}\"},\"query-input\":{\"@type\":\"PropertyValueSpecification\",\"valueRequired\":true,\"valueName\":\"search_term_string\"}}],\"inLanguage\":\"de\"},{\"@type\":\"Organization\",\"@id\":\"https:\\\/\\\/www.bapp.info\\\/#organization\",\"name\":\"BAPP e.V.\",\"url\":\"https:\\\/\\\/www.bapp.info\\\/\",\"logo\":{\"@type\":\"ImageObject\",\"inLanguage\":\"de\",\"@id\":\"https:\\\/\\\/www.bapp.info\\\/#\\\/schema\\\/logo\\\/image\\\/\",\"url\":\"https:\\\/\\\/www.bapp.info\\\/wp-content\\\/uploads\\\/2018\\\/11\\\/bapp2-schatten-www.png\",\"contentUrl\":\"https:\\\/\\\/www.bapp.info\\\/wp-content\\\/uploads\\\/2018\\\/11\\\/bapp2-schatten-www.png\",\"width\":1472,\"height\":880,\"caption\":\"BAPP e.V.\"},\"image\":{\"@id\":\"https:\\\/\\\/www.bapp.info\\\/#\\\/schema\\\/logo\\\/image\\\/\"},\"sameAs\":[\"https:\\\/\\\/www.facebook.com\\\/BAPPev\\\/\",\"https:\\\/\\\/x.com\\\/BAPPev\"]}]}<\/script>\n<!-- \/ Yoast SEO plugin. -->","yoast_head_json":{"title":"BAPP-Papiere | BAPP","robots":{"index":"index","follow":"follow","max-snippet":"max-snippet:-1","max-image-preview":"max-image-preview:large","max-video-preview":"max-video-preview:-1"},"canonical":"https:\/\/www.bapp.info\/?page_id=836","og_locale":"de_DE","og_type":"article","og_title":"BAPP-Papiere | BAPP","og_description":"Ein Teil unserer Publikationen ist auch auf http:\/\/epaper.psychiatrische-pflege.net zu finden. Die nachfolgenden Texte unterliegen dem Urheberrecht \u00a9 der BAPP und d\u00fcrfen nicht ver\u00e4ndert werden. Eine unver\u00e4nderte Weitergabe bzw. Verwendung, mit Hinweis auf die BAPP ist zul\u00e4ssig. In diesem Fall erwarten wir eine Information \u00fcber die Art der Verwendung. Stellungnahme zu den Rahmenempfehlungen HKP v. 16.07.2020 [&hellip;]","og_url":"https:\/\/www.bapp.info\/?page_id=836","og_site_name":"BAPP","article_publisher":"https:\/\/www.facebook.com\/BAPPev\/","article_modified_time":"2025-04-26T09:37:09+00:00","og_image":[{"width":1472,"height":880,"url":"https:\/\/www.bapp.info\/wp-content\/uploads\/2018\/11\/bapp2-schatten-www.png","type":"image\/png"}],"twitter_card":"summary_large_image","twitter_site":"@BAPPev","twitter_misc":{"Gesch\u00e4tzte Lesezeit":"7\u00a0Minuten"},"schema":{"@context":"https:\/\/schema.org","@graph":[{"@type":"WebPage","@id":"https:\/\/www.bapp.info\/?page_id=836","url":"https:\/\/www.bapp.info\/?page_id=836","name":"BAPP-Papiere | BAPP","isPartOf":{"@id":"https:\/\/www.bapp.info\/#website"},"datePublished":"2013-08-18T16:15:14+00:00","dateModified":"2025-04-26T09:37:09+00:00","breadcrumb":{"@id":"https:\/\/www.bapp.info\/?page_id=836#breadcrumb"},"inLanguage":"de","potentialAction":[{"@type":"ReadAction","target":["https:\/\/www.bapp.info\/?page_id=836"]}]},{"@type":"BreadcrumbList","@id":"https:\/\/www.bapp.info\/?page_id=836#breadcrumb","itemListElement":[{"@type":"ListItem","position":1,"name":"Startseite","item":"https:\/\/www.bapp.info\/"},{"@type":"ListItem","position":2,"name":"Downloads","item":"https:\/\/www.bapp.info\/?page_id=1076"},{"@type":"ListItem","position":3,"name":"BAPP-Papiere"}]},{"@type":"WebSite","@id":"https:\/\/www.bapp.info\/#website","url":"https:\/\/www.bapp.info\/","name":"BAPP","description":"Bundesinitiative Ambulante Psychiatrische Pflege","publisher":{"@id":"https:\/\/www.bapp.info\/#organization"},"potentialAction":[{"@type":"SearchAction","target":{"@type":"EntryPoint","urlTemplate":"https:\/\/www.bapp.info\/?s={search_term_string}"},"query-input":{"@type":"PropertyValueSpecification","valueRequired":true,"valueName":"search_term_string"}}],"inLanguage":"de"},{"@type":"Organization","@id":"https:\/\/www.bapp.info\/#organization","name":"BAPP e.V.","url":"https:\/\/www.bapp.info\/","logo":{"@type":"ImageObject","inLanguage":"de","@id":"https:\/\/www.bapp.info\/#\/schema\/logo\/image\/","url":"https:\/\/www.bapp.info\/wp-content\/uploads\/2018\/11\/bapp2-schatten-www.png","contentUrl":"https:\/\/www.bapp.info\/wp-content\/uploads\/2018\/11\/bapp2-schatten-www.png","width":1472,"height":880,"caption":"BAPP e.V."},"image":{"@id":"https:\/\/www.bapp.info\/#\/schema\/logo\/image\/"},"sameAs":["https:\/\/www.facebook.com\/BAPPev\/","https:\/\/x.com\/BAPPev"]}]}},"_links":{"self":[{"href":"https:\/\/www.bapp.info\/index.php?rest_route=\/wp\/v2\/pages\/836","targetHints":{"allow":["GET"]}}],"collection":[{"href":"https:\/\/www.bapp.info\/index.php?rest_route=\/wp\/v2\/pages"}],"about":[{"href":"https:\/\/www.bapp.info\/index.php?rest_route=\/wp\/v2\/types\/page"}],"author":[{"embeddable":true,"href":"https:\/\/www.bapp.info\/index.php?rest_route=\/wp\/v2\/users\/891"}],"replies":[{"embeddable":true,"href":"https:\/\/www.bapp.info\/index.php?rest_route=%2Fwp%2Fv2%2Fcomments&post=836"}],"version-history":[{"count":4,"href":"https:\/\/www.bapp.info\/index.php?rest_route=\/wp\/v2\/pages\/836\/revisions"}],"predecessor-version":[{"id":3609,"href":"https:\/\/www.bapp.info\/index.php?rest_route=\/wp\/v2\/pages\/836\/revisions\/3609"}],"up":[{"embeddable":true,"href":"https:\/\/www.bapp.info\/index.php?rest_route=\/wp\/v2\/pages\/1076"}],"wp:attachment":[{"href":"https:\/\/www.bapp.info\/index.php?rest_route=%2Fwp%2Fv2%2Fmedia&parent=836"}],"curies":[{"name":"wp","href":"https:\/\/api.w.org\/{rel}","templated":true}]}}