{"id":6,"date":"2009-01-09T10:49:11","date_gmt":"2009-01-09T09:49:11","guid":{"rendered":"http:\/\/bapp.info\/blog\/index.php?page_id=2"},"modified":"2026-04-03T13:12:21","modified_gmt":"2026-04-03T11:12:21","slug":"impressum","status":"publish","type":"page","link":"https:\/\/www.bapp.info\/?page_id=6","title":{"rendered":"Impressum"},"content":{"rendered":"<p><strong>BAPP e.V.<br \/>\nBundesinitiative Ambulante Psychiatrische Pflege<\/strong><\/p>\n<p><strong>Gesch\u00e4ftsstelle:<\/strong> Gebersdorfer Str. 197, 90449 N\u00fcrnberg<\/p>\n<p><strong>eMail:<\/strong> <a href=\"mailto:mail@bapp.info\">mail@bapp.info<\/a><br \/>\n<strong>Mob.:<\/strong> 0176 \/ 344 704 27 (auch WhatsApp)<br \/>\n<strong>Tel.:<\/strong> 0911 \/ 965 777 82<br \/>\n<strong>Fax:<\/strong> 0911 \/ 968 449 19<\/p>\n<p><strong>Vereinssitz:<\/strong> Berlin<strong><br \/>\nRegistergericht: <\/strong> Amtsgericht Charlottenburg<br \/>\n<strong>Registernummer: <\/strong>VR 22708<\/p>\n<p><strong>Vertretungsberechtigter Vorstand:<\/strong><br \/>\nDoris Sch\u00e4fer (Vors.)<br \/>\nVolker Ha\u00dflinger (Stv.)<br \/>\nG\u00fcnter Meyer (Stv.)<\/p>\n<p><strong>Erweiterter Vorstand:<\/strong><br \/>\nAlfred Karsten<br \/>\nUlrike Seng<br \/>\nStefanie Lutz-Scheidt<br \/>\nPeter Roddau<br \/>\nMatthias Witt<br \/>\nTanja Immega<br \/>\n<strong><\/p>\n<p><strong>Social Media Accounts\/Kan\u00e4le der BAPP<\/strong><strong>:<\/strong><br \/>\n\u2192 <a href=\"https:\/\/www.facebook.com\/BAPPev\" target=\"_blank\" rel=\"noopener noreferrer\">facebook.com\/BAPPev<\/a> (<a href=\"http:\/\/facebook.bapp.info\" target=\"_blank\" rel=\"noopener noreferrer\">facebook.bapp.info<\/a>)<\/p>\n<p><a href=\"\/\/www.bapp.info\/?page_id=2415\" target=\"_blank\" rel=\"noopener noreferrer\"><strong>\u21d2 zur Datenschutzerkl\u00e4rung<\/strong><\/a><br \/>\n<a href=\"\/\/www.bapp.info\/?page_id=19\" target=\"_blank\" rel=\"noopener noreferrer\"><strong>\u21d2 zum Disclaimer\/Haftungsausschluss<\/strong><\/a><\/p>\n","protected":false},"excerpt":{"rendered":"<p>BAPP e.V. Bundesinitiative Ambulante Psychiatrische Pflege Gesch\u00e4ftsstelle: Gebersdorfer Str. 197, 90449 N\u00fcrnberg eMail: mail@bapp.info Mob.: 0176 \/ 344 704 27 (auch WhatsApp) Tel.: 0911 \/ 965 777 82 Fax: 0911 \/ 968 449 19 Vereinssitz: Berlin Registergericht: Amtsgericht Charlottenburg Registernummer: VR 22708 Vertretungsberechtigter Vorstand: Doris Sch\u00e4fer (Vors.) Volker Ha\u00dflinger (Stv.) G\u00fcnter Meyer (Stv.) Erweiterter Vorstand: [&hellip;]<\/p>\n","protected":false},"author":891,"featured_media":0,"parent":0,"menu_order":2,"comment_status":"closed","ping_status":"closed","template":"","meta":{"ocean_post_layout":"","ocean_both_sidebars_style":"","ocean_both_sidebars_content_width":0,"ocean_both_sidebars_sidebars_width":0,"ocean_sidebar":"0","ocean_second_sidebar":"0","ocean_disable_margins":"enable","ocean_add_body_class":"","ocean_shortcode_before_top_bar":"","ocean_shortcode_after_top_bar":"","ocean_shortcode_before_header":"","ocean_shortcode_after_header":"","ocean_has_shortcode":"","ocean_shortcode_after_title":"","ocean_shortcode_before_footer_widgets":"","ocean_shortcode_after_footer_widgets":"","ocean_shortcode_before_footer_bottom":"","ocean_shortcode_after_footer_bottom":"","ocean_display_top_bar":"default","ocean_display_header":"default","ocean_header_style":"","ocean_center_header_left_menu":"0","ocean_custom_header_template":"0","ocean_custom_logo":0,"ocean_custom_retina_logo":0,"ocean_custom_logo_max_width":0,"ocean_custom_logo_tablet_max_width":0,"ocean_custom_logo_mobile_max_width":0,"ocean_custom_logo_max_height":0,"ocean_custom_logo_tablet_max_height":0,"ocean_custom_logo_mobile_max_height":0,"ocean_header_custom_menu":"0","ocean_menu_typo_font_family":"0","ocean_menu_typo_font_subset":"","ocean_menu_typo_font_size":0,"ocean_menu_typo_font_size_tablet":0,"ocean_menu_typo_font_size_mobile":0,"ocean_menu_typo_font_size_unit":"px","ocean_menu_typo_font_weight":"","ocean_menu_typo_font_weight_tablet":"","ocean_menu_typo_font_weight_mobile":"","ocean_menu_typo_transform":"","ocean_menu_typo_transform_tablet":"","ocean_menu_typo_transform_mobile":"","ocean_menu_typo_line_height":0,"ocean_menu_typo_line_height_tablet":0,"ocean_menu_typo_line_height_mobile":0,"ocean_menu_typo_line_height_unit":"","ocean_menu_typo_spacing":0,"ocean_menu_typo_spacing_tablet":0,"ocean_menu_typo_spacing_mobile":0,"ocean_menu_typo_spacing_unit":"","ocean_menu_link_color":"","ocean_menu_link_color_hover":"","ocean_menu_link_color_active":"","ocean_menu_link_background":"","ocean_menu_link_hover_background":"","ocean_menu_link_active_background":"","ocean_menu_social_links_bg":"","ocean_menu_social_hover_links_bg":"","ocean_menu_social_links_color":"","ocean_menu_social_hover_links_color":"","ocean_disable_title":"default","ocean_disable_heading":"default","ocean_post_title":"","ocean_post_subheading":"","ocean_post_title_style":"","ocean_post_title_background_color":"","ocean_post_title_background":0,"ocean_post_title_bg_image_position":"","ocean_post_title_bg_image_attachment":"","ocean_post_title_bg_image_repeat":"","ocean_post_title_bg_image_size":"","ocean_post_title_height":0,"ocean_post_title_bg_overlay":0.5,"ocean_post_title_bg_overlay_color":"","ocean_disable_breadcrumbs":"default","ocean_breadcrumbs_color":"","ocean_breadcrumbs_separator_color":"","ocean_breadcrumbs_links_color":"","ocean_breadcrumbs_links_hover_color":"","ocean_display_footer_widgets":"default","ocean_display_footer_bottom":"default","ocean_custom_footer_template":"0","footnotes":""},"class_list":["post-6","page","type-page","status-publish","hentry","entry"],"yoast_head":"<!-- This site is optimized with the Yoast SEO plugin v27.4 - https:\/\/yoast.com\/product\/yoast-seo-wordpress\/ -->\n<title>Impressum | BAPP<\/title>\n<meta name=\"robots\" content=\"index, follow, max-snippet:-1, max-image-preview:large, max-video-preview:-1\" \/>\n<link rel=\"canonical\" href=\"https:\/\/www.bapp.info\/?page_id=6\" \/>\n<meta property=\"og:locale\" content=\"de_DE\" \/>\n<meta property=\"og:type\" content=\"article\" \/>\n<meta property=\"og:title\" content=\"Impressum | BAPP\" \/>\n<meta property=\"og:description\" content=\"BAPP e.V. Bundesinitiative Ambulante Psychiatrische Pflege Gesch\u00e4ftsstelle: Gebersdorfer Str. 197, 90449 N\u00fcrnberg eMail: mail@bapp.info Mob.: 0176 \/ 344 704 27 (auch WhatsApp) Tel.: 0911 \/ 965 777 82 Fax: 0911 \/ 968 449 19 Vereinssitz: Berlin Registergericht: Amtsgericht Charlottenburg Registernummer: VR 22708 Vertretungsberechtigter Vorstand: Doris Sch\u00e4fer (Vors.) Volker Ha\u00dflinger (Stv.) G\u00fcnter Meyer (Stv.) Erweiterter Vorstand: [&hellip;]\" \/>\n<meta property=\"og:url\" content=\"https:\/\/www.bapp.info\/?page_id=6\" \/>\n<meta property=\"og:site_name\" content=\"BAPP\" \/>\n<meta property=\"article:publisher\" content=\"https:\/\/www.facebook.com\/BAPPev\/\" \/>\n<meta property=\"article:modified_time\" content=\"2026-04-03T11:12:21+00:00\" \/>\n<meta property=\"og:image\" content=\"https:\/\/www.bapp.info\/wp-content\/uploads\/2018\/11\/bapp2-schatten-www.png\" \/>\n\t<meta property=\"og:image:width\" content=\"1472\" \/>\n\t<meta property=\"og:image:height\" content=\"880\" \/>\n\t<meta property=\"og:image:type\" content=\"image\/png\" \/>\n<meta name=\"twitter:card\" content=\"summary_large_image\" \/>\n<meta name=\"twitter:site\" content=\"@BAPPev\" \/>\n<meta name=\"twitter:label1\" content=\"Gesch\u00e4tzte Lesezeit\" \/>\n\t<meta name=\"twitter:data1\" content=\"1\u00a0Minute\" \/>\n<script type=\"application\/ld+json\" class=\"yoast-schema-graph\">{\"@context\":\"https:\\\/\\\/schema.org\",\"@graph\":[{\"@type\":\"WebPage\",\"@id\":\"https:\\\/\\\/www.bapp.info\\\/?page_id=6\",\"url\":\"https:\\\/\\\/www.bapp.info\\\/?page_id=6\",\"name\":\"Impressum | BAPP\",\"isPartOf\":{\"@id\":\"https:\\\/\\\/www.bapp.info\\\/#website\"},\"datePublished\":\"2009-01-09T09:49:11+00:00\",\"dateModified\":\"2026-04-03T11:12:21+00:00\",\"breadcrumb\":{\"@id\":\"https:\\\/\\\/www.bapp.info\\\/?page_id=6#breadcrumb\"},\"inLanguage\":\"de\",\"potentialAction\":[{\"@type\":\"ReadAction\",\"target\":[\"https:\\\/\\\/www.bapp.info\\\/?page_id=6\"]}]},{\"@type\":\"BreadcrumbList\",\"@id\":\"https:\\\/\\\/www.bapp.info\\\/?page_id=6#breadcrumb\",\"itemListElement\":[{\"@type\":\"ListItem\",\"position\":1,\"name\":\"Startseite\",\"item\":\"https:\\\/\\\/www.bapp.info\\\/\"},{\"@type\":\"ListItem\",\"position\":2,\"name\":\"Impressum\"}]},{\"@type\":\"WebSite\",\"@id\":\"https:\\\/\\\/www.bapp.info\\\/#website\",\"url\":\"https:\\\/\\\/www.bapp.info\\\/\",\"name\":\"BAPP\",\"description\":\"Bundesinitiative Ambulante Psychiatrische Pflege\",\"publisher\":{\"@id\":\"https:\\\/\\\/www.bapp.info\\\/#organization\"},\"potentialAction\":[{\"@type\":\"SearchAction\",\"target\":{\"@type\":\"EntryPoint\",\"urlTemplate\":\"https:\\\/\\\/www.bapp.info\\\/?s={search_term_string}\"},\"query-input\":{\"@type\":\"PropertyValueSpecification\",\"valueRequired\":true,\"valueName\":\"search_term_string\"}}],\"inLanguage\":\"de\"},{\"@type\":\"Organization\",\"@id\":\"https:\\\/\\\/www.bapp.info\\\/#organization\",\"name\":\"BAPP e.V.\",\"url\":\"https:\\\/\\\/www.bapp.info\\\/\",\"logo\":{\"@type\":\"ImageObject\",\"inLanguage\":\"de\",\"@id\":\"https:\\\/\\\/www.bapp.info\\\/#\\\/schema\\\/logo\\\/image\\\/\",\"url\":\"https:\\\/\\\/www.bapp.info\\\/wp-content\\\/uploads\\\/2018\\\/11\\\/bapp2-schatten-www.png\",\"contentUrl\":\"https:\\\/\\\/www.bapp.info\\\/wp-content\\\/uploads\\\/2018\\\/11\\\/bapp2-schatten-www.png\",\"width\":1472,\"height\":880,\"caption\":\"BAPP e.V.\"},\"image\":{\"@id\":\"https:\\\/\\\/www.bapp.info\\\/#\\\/schema\\\/logo\\\/image\\\/\"},\"sameAs\":[\"https:\\\/\\\/www.facebook.com\\\/BAPPev\\\/\",\"https:\\\/\\\/x.com\\\/BAPPev\"]}]}<\/script>\n<!-- \/ Yoast SEO plugin. -->","yoast_head_json":{"title":"Impressum | BAPP","robots":{"index":"index","follow":"follow","max-snippet":"max-snippet:-1","max-image-preview":"max-image-preview:large","max-video-preview":"max-video-preview:-1"},"canonical":"https:\/\/www.bapp.info\/?page_id=6","og_locale":"de_DE","og_type":"article","og_title":"Impressum | BAPP","og_description":"BAPP e.V. Bundesinitiative Ambulante Psychiatrische Pflege Gesch\u00e4ftsstelle: Gebersdorfer Str. 197, 90449 N\u00fcrnberg eMail: mail@bapp.info Mob.: 0176 \/ 344 704 27 (auch WhatsApp) Tel.: 0911 \/ 965 777 82 Fax: 0911 \/ 968 449 19 Vereinssitz: Berlin Registergericht: Amtsgericht Charlottenburg Registernummer: VR 22708 Vertretungsberechtigter Vorstand: Doris Sch\u00e4fer (Vors.) Volker Ha\u00dflinger (Stv.) G\u00fcnter Meyer (Stv.) Erweiterter Vorstand: [&hellip;]","og_url":"https:\/\/www.bapp.info\/?page_id=6","og_site_name":"BAPP","article_publisher":"https:\/\/www.facebook.com\/BAPPev\/","article_modified_time":"2026-04-03T11:12:21+00:00","og_image":[{"width":1472,"height":880,"url":"https:\/\/www.bapp.info\/wp-content\/uploads\/2018\/11\/bapp2-schatten-www.png","type":"image\/png"}],"twitter_card":"summary_large_image","twitter_site":"@BAPPev","twitter_misc":{"Gesch\u00e4tzte Lesezeit":"1\u00a0Minute"},"schema":{"@context":"https:\/\/schema.org","@graph":[{"@type":"WebPage","@id":"https:\/\/www.bapp.info\/?page_id=6","url":"https:\/\/www.bapp.info\/?page_id=6","name":"Impressum | BAPP","isPartOf":{"@id":"https:\/\/www.bapp.info\/#website"},"datePublished":"2009-01-09T09:49:11+00:00","dateModified":"2026-04-03T11:12:21+00:00","breadcrumb":{"@id":"https:\/\/www.bapp.info\/?page_id=6#breadcrumb"},"inLanguage":"de","potentialAction":[{"@type":"ReadAction","target":["https:\/\/www.bapp.info\/?page_id=6"]}]},{"@type":"BreadcrumbList","@id":"https:\/\/www.bapp.info\/?page_id=6#breadcrumb","itemListElement":[{"@type":"ListItem","position":1,"name":"Startseite","item":"https:\/\/www.bapp.info\/"},{"@type":"ListItem","position":2,"name":"Impressum"}]},{"@type":"WebSite","@id":"https:\/\/www.bapp.info\/#website","url":"https:\/\/www.bapp.info\/","name":"BAPP","description":"Bundesinitiative Ambulante Psychiatrische Pflege","publisher":{"@id":"https:\/\/www.bapp.info\/#organization"},"potentialAction":[{"@type":"SearchAction","target":{"@type":"EntryPoint","urlTemplate":"https:\/\/www.bapp.info\/?s={search_term_string}"},"query-input":{"@type":"PropertyValueSpecification","valueRequired":true,"valueName":"search_term_string"}}],"inLanguage":"de"},{"@type":"Organization","@id":"https:\/\/www.bapp.info\/#organization","name":"BAPP e.V.","url":"https:\/\/www.bapp.info\/","logo":{"@type":"ImageObject","inLanguage":"de","@id":"https:\/\/www.bapp.info\/#\/schema\/logo\/image\/","url":"https:\/\/www.bapp.info\/wp-content\/uploads\/2018\/11\/bapp2-schatten-www.png","contentUrl":"https:\/\/www.bapp.info\/wp-content\/uploads\/2018\/11\/bapp2-schatten-www.png","width":1472,"height":880,"caption":"BAPP e.V."},"image":{"@id":"https:\/\/www.bapp.info\/#\/schema\/logo\/image\/"},"sameAs":["https:\/\/www.facebook.com\/BAPPev\/","https:\/\/x.com\/BAPPev"]}]}},"_links":{"self":[{"href":"https:\/\/www.bapp.info\/index.php?rest_route=\/wp\/v2\/pages\/6","targetHints":{"allow":["GET"]}}],"collection":[{"href":"https:\/\/www.bapp.info\/index.php?rest_route=\/wp\/v2\/pages"}],"about":[{"href":"https:\/\/www.bapp.info\/index.php?rest_route=\/wp\/v2\/types\/page"}],"author":[{"embeddable":true,"href":"https:\/\/www.bapp.info\/index.php?rest_route=\/wp\/v2\/users\/891"}],"replies":[{"embeddable":true,"href":"https:\/\/www.bapp.info\/index.php?rest_route=%2Fwp%2Fv2%2Fcomments&post=6"}],"version-history":[{"count":5,"href":"https:\/\/www.bapp.info\/index.php?rest_route=\/wp\/v2\/pages\/6\/revisions"}],"predecessor-version":[{"id":3698,"href":"https:\/\/www.bapp.info\/index.php?rest_route=\/wp\/v2\/pages\/6\/revisions\/3698"}],"wp:attachment":[{"href":"https:\/\/www.bapp.info\/index.php?rest_route=%2Fwp%2Fv2%2Fmedia&parent=6"}],"curies":[{"name":"wp","href":"https:\/\/api.w.org\/{rel}","templated":true}]}}